{"version":"1.0","provider_name":"levendulas","provider_url":"https:\/\/levendulas.cafeblog.hu","author_name":"amfortas","author_url":"https:\/\/levendulas.cafeblog.hu\/author\/amfortas-2-2-2\/","title":"m\u00e9g valami","html":"<P>&nbsp;<\/P>\r\n<P>&nbsp;<\/P>\r\n<P>&nbsp;<\/P>\r\n<P>Egy&nbsp; fotogr\u00e1fus bar\u00e1tom megb\u00edz\u00f3j\u00e1nak napt\u00e1r\u00e1hoz fot\u00f3zott csinos bab\u00e1kat. Megb\u00edz\u00f3ja nagy n\u0151im\u00e1d\u00f3k\u00e9nt nem el\u00e9gedett meg a magyar l\u00e1nyokkal,&nbsp; k\u00edv\u00e1nkozott oda m\u00e9g valami egzotikus sz\u00e9ps\u00e9g is. Tal\u00e1ltak is egy gy\u00f6ny\u00f6r\u0171t , Thaif\u00f6ldr\u0151l. T\u00e9nyleg csoda volt. <\/P>\r\n<P>Eltelt f\u00e9l \u00e9v, s k\u00f6z\u00f6s bar\u00e1taimmal n\u00e9h\u00e1ny napot Vill\u00e1nyban t\u00f6lt\u00f6tt\u00fcnk: id\u0151k\u00f6zben bar\u00e1tom megb\u00edz\u00f3ja egyr\u00e9szt bar\u00e1tommal j\u00f3 bar\u00e1ts\u00e1gba keveredett, s j\u00f6nni k\u00e9sz\u00fclt n\u00e9h\u00e1ny napra hozz\u00e1nk, m\u00e1sr\u00e9szt beleszerelmesedett a Thai sz\u00e9ps\u00e9gbe, s \u0151t is hozta. M\u00e1r nagyon k\u00edv\u00e1ncsian v\u00e1rtuk. Vacsoraasztaln\u00e1l \u00fclt\u00fcnk, mikor megjelentek. A Thai l\u00e1ny nem j\u00f6tt: vonult. Gy\u00f6ny\u00f6r\u0171 volt, csupa nemes von\u00e1s, hossz\u00fa combok, var\u00e1zslatos b\u0151r, ajak, arc, a l\u00e9legzet\u00fcnk is el\u00e1llt. Le\u00fcltek k\u00f6z\u00e9nk, ny\u00e1lunk csordog\u00e1lt. <\/P>\r\n<P>Amikor kigy\u00f6ny\u00f6rk\u00f6dt\u00fck magunkat, bar\u00e1tom m\u00e9ly l\u00e9legzetet vett \u00e9s bemutatta a thai fi\u00fat... merthogy az volt. Megb\u00edz\u00f3ja , ...\u00e9s&nbsp; m\u00e1r bar\u00e1tja, (a n\u0151bar\u00e1t!!!) annyira bel\u00e9szeretett, hogy azt mondta, m\u00e1r r\u00e9g mindegy, f\u00e9rfi-e vagy n\u0151 \u0150.&nbsp;<BR>(Am\u00fagy az els\u0151 m\u0171t\u00e9ten m\u00e1r t\u00fal volt a j\u00f6vend\u0151belije...)<\/P>\r\n<P>Ker\u00fclt\u00e9l-e m\u00e1r olyan helyzetbe, hogy valamibe (vagy&nbsp; Valakibe!) olyan nagyon belekavarodt\u00e1l hogy v\u00e9g\u00fcl minden mindegy lett volna, csak hozz\u00e1d tartozzon, ti\u00e9d lehessen, a sz\u00f3 nemesebb \u00e9rtelm\u00e9ben is?<\/P>\r\n<P><IMG class=blogkep style=\"WIDTH: 400px; HEIGHT: 236px\" height=236 src=\"https:\/\/levendulas.cafeblog.hu\/files\/c6589.jpg\" width=339><\/P>\r\n<P>\u00c1lltam m\u00e1r \u00fagy valaki m\u00f6g\u00f6tt, aki \u00e9desanyj\u00e1t k\u00f6nnyezte meg&nbsp;:&nbsp;&nbsp;hogy &nbsp;szemem sark\u00e1ban \u00e9n is k\u00f6nnyekkel k\u00fcszk\u00f6dve od\u00e1ig jutottam,&nbsp; ha \u0150t \u00e9rn\u00e9 ez a sors, nekem ez is \u0150 lenne, maradn\u00e9k mellette, gondoln\u00e1m, rem\u00e9ln\u00e9m, hogy csak alszik \u00e9s sz\u00e9peket \u00e1lmodik.&nbsp;&nbsp;<IMG class=blogkep style=\"WIDTH: 491px; HEIGHT: 246px\" height=258 src=\"https:\/\/levendulas.cafeblog.hu\/files\/c6954.jpg\" width=491><\/P>","type":"rich"}

még valami

<P>&nbsp;</P>
<P>&nbsp;</P>
<P>&nbsp;</P>
<P>Egy&nbsp; fotográfus barátom megbízójának naptárához fotózott csinos babákat. Megbízója nagy nőimádóként nem elégedett meg a magyar lányokkal,&nbsp; kívánkozott oda még valami egzotikus szépség is. Találtak is egy gyönyörűt , Thaiföldről. Tényleg csoda volt. </P>
<P>Eltelt fél év, s közös barátaimmal néhány napot Villányban töltöttünk: időközben barátom megbízója egyrészt barátommal jó barátságba keveredett, s jönni készült néhány napra hozzánk, másrészt beleszerelmesedett a Thai szépségbe, s őt is hozta. Már nagyon kíváncsian vártuk. Vacsoraasztalnál ültünk, mikor megjelentek. A Thai lány nem jött: vonult. Gyönyörű volt, csupa nemes vonás, hosszú combok, varázslatos bőr, ajak, arc, a lélegzetünk is elállt. Leültek közénk, nyálunk csordogált. </P>
<P>Amikor kigyönyörködtük magunkat, barátom mély lélegzetet vett és bemutatta a thai fiút... merthogy az volt. Megbízója , ...és&nbsp; már barátja, (a nőbarát!!!) annyira belészeretett, hogy azt mondta, már rég mindegy, férfi-e vagy nő Ő.&nbsp;<BR>(Amúgy az első műtéten már túl volt a jövendőbelije...)</P>
<P>Kerültél-e már olyan helyzetbe, hogy valamibe (vagy&nbsp; Valakibe!) olyan nagyon belekavarodtál hogy végül minden mindegy lett volna, csak hozzád tartozzon, tiéd lehessen, a szó nemesebb értelmében is?</P>
<P><IMG class=blogkep style="WIDTH: 400px; HEIGHT: 236px" height=236 src="https://levendulas.cafeblog.hu/files/c6589.jpg" width=339></P>
<P>Álltam már úgy valaki mögött, aki édesanyját könnyezte meg&nbsp;:&nbsp;&nbsp;hogy &nbsp;szemem sarkában én is könnyekkel küszködve odáig jutottam,&nbsp; ha Őt érné ez a sors, nekem ez is Ő lenne, maradnék mellette, gondolnám, remélném, hogy csak alszik és szépeket álmodik.&nbsp;&nbsp;<IMG class=blogkep style="WIDTH: 491px; HEIGHT: 246px" height=258 src="https://levendulas.cafeblog.hu/files/c6954.jpg" width=491></P>
