{"version":"1.0","provider_name":"levendulas","provider_url":"https:\/\/levendulas.cafeblog.hu","author_name":"amfortas","author_url":"https:\/\/levendulas.cafeblog.hu\/author\/amfortas-2-2-2\/","title":"gyereknap","html":"<P>&nbsp;Ha gyereknap, akkor gyereknap.<\/P>\r\n<P>Kis\u00e9t\u00e1ltunk, Nagyr\u00e9t. Volt ott minden, ami\u00e9rt p\u00e9nzt lehet k\u00e9rni, mind\u00edg ez van. Na j\u00f3, nem csak az volt, s\u0151t.<\/P>\r\n<P>Nagyszinpadon P\u00e9ter, r\u00e9gi&nbsp;bar\u00e1tom&nbsp; d\u00e9lel\u0151tti penget\u0151s m\u0171sora-\u00fcd\u00edt\u0151 volt gyereknek, feln\u0151ttnek. Tal\u00e1n t\u00fal kor\u00e1n volt, hogy sajnos m\u00e9g nem voltak sokan.<\/P>\r\n<P><IMG class=blogkep style=\"WIDTH: 466px; HEIGHT: 220px\" height=289 src=\"https:\/\/levendulas.cafeblog.hu\/files\/MACIK.jpg\" width=640><\/P>\r\n<P>Sokf\u00e9le s\u00e1tor \u00e1llt, \u00e9s nem mondom, volt, ami tetszett. Volt, ami meg nagyon nem , de ha v\u00e1laszt\u00e9k van, nem zavar.&nbsp;Legink\u00e1bb egy szamb\u00e1z\u00f3 csapat&nbsp;t\u0171nt ki&nbsp;: s\u00e1rga egyenruh\u00e1ban k\u00f6rbedobolt\u00e1k a nagyr\u00e9tet, s hat-nyolc l\u00e1ny lelkesen r\u00e1zta, m\u00e9g kora d\u00e9lut\u00e1n. Par\u00e1d\u00e9s volt, remek!<\/P>\r\n<P>Szerethet\u0151 volt&nbsp; a ny\u00fczsi, voltak\u00e9pp \u00e9lveztem. Peti felszabadultan rohang\u00e1lt, mindenhova odaf\u00e9rk\u0151z\u00f6tt egy kicsit , \u00f6v\u00e9 is volt ez a gyermeknapi buli.<\/P>\r\n<P><IMG class=blogkep height=266 src=\"https:\/\/levendulas.cafeblog.hu\/files\/51312_1.jpg\" width=427><\/P>\r\n<P>Tal\u00e1lkoztunk ismer\u0151s\u00f6kkel, s\u00f6rt ittunk, maj\u00e1lis hangulat volt. Nem mintha ehhez vonz\u00f3dn\u00e9k, de ma ezt hat\u00e1roztam, \u00e9s nem b\u00e1ntam. Szerettem , akikkel voltam. Mind elvolt mag\u00e1val, \u00e9s j\u00f3 volt figyelni \u0150ket, k\u00f6zben meg elj\u00e1rtak a gondolataim. Szeretet ....<\/P>\r\n<P>Feldm\u00e1r metafor\u00e1j\u00e1n m\u00e9l\u00e1ztam: tal\u00e1l egy kis \u00e1llatk\u00e1t a padl\u00e1son , nem tudja, milyen \u00e1llat , de szerethet\u0151nek t\u0171nik, megpr\u00f3b\u00e1lja gondj\u00e1t viselni. Persze , a kez\u00e9ben, vagy a dobozban, amit csin\u00e1lt neki, nem \u00e9rzi j\u00f3l mag\u00e1t. Mit kellene csin\u00e1lni?&nbsp;&nbsp;Ha t\u00f6r\u0151dik vele, meg akarja ismerni, kis\u00e9rleteznie kell vele: figyelni, felvidul-e ha meleg helyre ker\u00fcl, vagy \u00e9pp roszul \u00e9rzi mag\u00e1t \u00e9s a h\u0171t\u0151ben meg fel\u00e9l\u00e9nk\u00fcl. \u00c9s \u00edgy tov\u00e1bb, szerencs\u00e9s esetben hetek m\u00falt\u00e1n egyre jobban \u00e9rzi mag\u00e1t: megismerte az, aki szeretni akarta \u00e9s megtapasztalta, hogy&nbsp;polosk\u00e1t kell adni neki, nem t\u00f6kmagot, hideg&nbsp;-s\u00f6t\u00e9t helyre kell neki almot rakni, stb. A szeretet engedi, hogy a m\u00e1sik legyen. Nem akarja domesztik\u00e1lni. \u00d3vatosan , t\u00f6r\u0151dve, vigy\u00e1zva, de a szeretet csak azt akarhatja, hogy a m\u00e1sik legyen&nbsp; \u00fagy , ahogy van.<\/P>\r\n<P>Van persze m\u00e1sik metafora is: Karinthyt\u00f3l, mikor a nyuszit ki szeretn\u00e9 piszk\u00e1lni az \u00e1gy al\u00f3l, mert \u00fagy gondolja, a nyuszinak az lesz a j\u00f3, m\u00e9g ha beled\u00f6glik is. Azt gondolom, az emberek t\u00f6bbs\u00e9ge szeretn\u00e9 maga eld\u00f6nteni, mit szeretne a m\u00e1sik, \u00e9s azt gondolja , ezzel szereti. Milyen k\u00e1r, hogy a m\u00e1sik n\u00e9ha m\u00e1r erre k\u00e9sz\u00fcl, \u00e9s nem&nbsp;k\u00e9pes \u00e9szrevenni, ha valaki nagyritk\u00e1n : Mag\u00e1\u00e9rt szereti....<\/P>","type":"rich"}

<P>&nbsp;Ha gyereknap, akkor gyereknap.</P>
<P>Kisétáltunk, Nagyrét. Volt ott minden, amiért pénzt lehet kérni, mindíg ez van. Na jó, nem csak az volt, sőt.</P>
<P>Nagyszinpadon Péter, régi&nbsp;barátom&nbsp; délelőtti pengetős műsora-üdítő volt gyereknek, felnőttnek. Talán túl korán volt, hogy sajnos még nem voltak sokan.</P>
<P><IMG class=blogkep style="WIDTH: 466px; HEIGHT: 220px" height=289 src="https://levendulas.cafeblog.hu/files/MACIK.jpg" width=640></P>
<P>Sokféle sátor állt, és nem mondom, volt, ami tetszett. Volt, ami meg nagyon nem , de ha választék van, nem zavar.&nbsp;Leginkább egy szambázó csapat&nbsp;tűnt ki&nbsp;: sárga egyenruhában körbedobolták a nagyrétet, s hat-nyolc lány lelkesen rázta, még kora délután. Parádés volt, remek!</P>
<P>Szerethető volt&nbsp; a nyüzsi, voltaképp élveztem. Peti felszabadultan rohangált, mindenhova odaférkőzött egy kicsit , övé is volt ez a gyermeknapi buli.</P>
<P><IMG class=blogkep height=266 src="https://levendulas.cafeblog.hu/files/51312_1.jpg" width=427></P>
<P>Találkoztunk ismerősökkel, sört ittunk, majális hangulat volt. Nem mintha ehhez vonzódnék, de ma ezt határoztam, és nem bántam. Szerettem , akikkel voltam. Mind elvolt magával, és jó volt figyelni Őket, közben meg eljártak a gondolataim. Szeretet ....</P>
<P>Feldmár metaforáján méláztam: talál egy kis állatkát a padláson , nem tudja, milyen állat , de szerethetőnek tűnik, megpróbálja gondját viselni. Persze , a kezében, vagy a dobozban, amit csinált neki, nem érzi jól magát. Mit kellene csinálni?&nbsp;&nbsp;Ha törődik vele, meg akarja ismerni, kisérleteznie kell vele: figyelni, felvidul-e ha meleg helyre kerül, vagy épp roszul érzi magát és a hűtőben meg felélénkül. És így tovább, szerencsés esetben hetek múltán egyre jobban érzi magát: megismerte az, aki szeretni akarta és megtapasztalta, hogy&nbsp;poloskát kell adni neki, nem tökmagot, hideg&nbsp;-sötét helyre kell neki almot rakni, stb. A szeretet engedi, hogy a másik legyen. Nem akarja domesztikálni. Óvatosan , törődve, vigyázva, de a szeretet csak azt akarhatja, hogy a másik legyen&nbsp; úgy , ahogy van.</P>
<P>Van persze másik metafora is: Karinthytól, mikor a nyuszit ki szeretné piszkálni az ágy alól, mert úgy gondolja, a nyuszinak az lesz a jó, még ha beledöglik is. Azt gondolom, az emberek többsége szeretné maga eldönteni, mit szeretne a másik, és azt gondolja , ezzel szereti. Milyen kár, hogy a másik néha már erre készül, és nem&nbsp;képes észrevenni, ha valaki nagyritkán : Magáért szereti....</P>
